u = -o + 63, 3*o - 176 = u - 67. Suppose o + x = 4*d. What is the units digit of d?
3
Suppose -2*d - 2*d = -4. What is the tens digit of (1 + 0)/(d/18)?
1
Suppose 5*v - 439 = 416. What is the hundreds digit of v?
1
Let m = -247 - -385. What is the hundreds digit of m?
1
Suppose 0 = -4*w - 5*m + 8, w + 7 = 4*m - 3*m. What is the units digit of (w - 3)*(-2)/6?
2
Suppose 0 = 6*z - 2*z + 12, 2*b + 31 = -5*z. Let w = -1 - b. What is the units digit of w?
7
Let z = 19 - 12. Suppose -4*f - 39 = -z*f. Let g = f + 3. What is the units digit of g?
6
Let c be 3 - (2 + -4)/(-2). Suppose 46 = -2*a + 6*a + c*m, 22 = a + 4*m. What is the tens digit of a?
1
Suppose -w + 0*f + 2 = -4*f, 28 = -5*w + f. What is the units digit of ((-3)/w)/((-3)/(-18))?
3
Suppose -5*a = 5*r - 25, 21 = 4*a + 3*r + 5. Let x = a - 4. Let m(w) = -2*w - 2. What is the units digit of m(x)?
4
Let h be 1/(-3)*(-1 + -2). Let g(m) = m**3 + 4*m**2 + 2*m + 3. Let p be g(-3). What is the units digit of (7 - h) + p/(-3)?
4
Let p(j) = j**3 - 6*j**2 + 6*j - 1. Let b be p(4). Let m be 6/9 + (-39)/b. Suppose 7 = m*x + 2. What is the units digit of x?
1
Let v be (-3 - 3*-2)*1. Let r(i) = -1 + 1 - v*i. What is the units digit of r(-5)?
5
What is the tens digit of 4803/24 + (-11)/88?
0
Let d be (0 - 1)/(2/(-14)). Let n = 1 + 1. Suppose 35 = -n*o + d*o. What is the units digit of o?
7
Let g be ((-84)/(-8))/(6/8). Suppose 0*u = -u + g. What is the units digit of u?
4
What is the tens digit of 0 + 2 + (55 - 0)?
5
Suppose 3*o - 1 = 11. Suppose -5*r + 2*r = -o*u - 46, -2*r + 4*u + 28 = 0. Suppose 2*y + 5*m - 3 = r, 5 = 5*m. What is the units digit of y?
8
Let c(n) = 4*n - 4. What is the units digit of c(3)?
8
Let n = -21 + 48. Suppose 14 = 4*p - 5*p. Let y = p + n. What is the tens digit of y?
1
Let y(x) be the second derivative of x**4/4 - x**3/2 - 2*x**2 + x. What is the units digit of y(-3)?
2
Suppose 0 = r + 4, 152 = u + 3*r - r. What is the hundreds digit of u?
1
Suppose m - 5*b - 16 = -2*b, -2*m - b = -11. Suppose 4*o - 3*o = 5. Suppose -o*g + m = -8. What is the units digit of g?
3
Let m(k) = -5*k**3 - k + 1. Let w be m(1). Let z = 14 + w. What is the units digit of z?
9
Let l(v) = -v + 13. What is the units digit of l(9)?
4
Let o = 316 + -170. Suppose 3*w - 4*f - o = 0, -179 - 24 = -4*w - 3*f. What is the tens digit of w?
5
Let f(v) = 3*v + 15. Let c be f(-5). Suppose -r + 18 = -c*r. What is the tens digit of r?
1
Let l = 34 - -55. What is the tens digit of l?
8
Suppose a + 3*b = -0*b + 17, -b + 4 = 0. Suppose c + c - 5*v + 12 = 0, 3*c + a*v = 32. What is the units digit of (16/(-10))/(c/(-10))?
4
Suppose 2*m = -3 + 9. Let g(c) = c + 14. Let k be g(-6). Let q = k - m. What is the units digit of q?
5
Let a = -24 - -35. Let s = -17 - -14. Let y = s + a. What is the units digit of y?
8
Let t = 6 + -2. Suppose t*r - k - 24 = -3*k, 3*r + k - 17 = 0. Suppose 2*a - 2*c - 3 = 9, a = r*c + 6. What is the units digit of a?
6
Let r(l) = 2*l**2 - l + 4. Suppose -9 = -3*f - 0. What is the units digit of r(f)?
9
Let f be 32/18 + 4/18. Suppose -6 = -f*y - y. Suppose 3*l - 37 = -5*r, -7*r + 13 = -y*r - 3*l. What is the units digit of r?
5
Suppose 5*o = j - 124, -o + 3*j - 47 = o. Let l = o + 36. What is the tens digit of l?
1
Suppose -4*b + 2*a = -128, -2*b + 43 = -3*a - 29. What is the tens digit of b?
3
Let i(h) = h**2 - 8*h + 2. Let y be i(8). Suppose 0*c + y*c - 84 = 0. What is the tens digit of c?
4
Suppose -61 - 47 = -2*v + 2*d, -2*d = 2*v - 92. What is the units digit of v?
0
Let t(z) = 8*z**2 + 3*z. Let r be t(-2). Suppose 5*k - 3*l = r, 0 = 4*k + 2*l - 2 - 10. Suppose 0 = -d + k*d - 3. What is the units digit of d?
1
Suppose 82 = -m - 3*h + 242, 0 = -2*m - 3*h + 311. Let k = m - 106. What is the units digit of k?
5
What is the units digit of 452/16 + (-12)/(-16)?
9
Let a be (8/(-6))/(3/(-9)). Let i(b) = -b + 7. Let p be i(a). Suppose -2*f + p*f = 1. What is the units digit of f?
1
Let y = 10 - -11. What is the units digit of y?
1
What is the units digit of (-5)/1*21/(-3)?
5
Let f(m) = m**3 - 9*m**2 + 2*m + 11. Suppose 0 = -2*y + 4*z + 11 - 1, -5*y = -2*z - 41. What is the units digit of f(y)?
9
Let n(w) = -w + 92. What is the units digit of n(0)?
2
Let a(k) = k**2 + 5*k + 6. Let l be a(-4). Suppose 1 = l*n - 9. Suppose -z = n*d - 23, 4*d - 5*z - 10 = -3*z. What is the units digit of d?
4
Suppose 2*m + 3*m = 25. Suppose 10 = m*s - 0. Suppose 0 = s*v + 2*k - 18, 0*v - 5*k = -4*v + 36. What is the units digit of v?
9
Suppose 9*s - 630 = -s. What is the tens digit of s?
6
Let n = -8 - -12. Let d(p) be the second derivative of p**5/20 - p**4/4 - 2*p**3/3 + 3*p**2/2 - 4*p. What is the units digit of d(n)?
3
Let q be -2 - 0/(6/(-2)). Let y be 2 + 4 - 6/q. Let b(l) = -l + 16. What is the units digit of b(y)?
7
Let w = -34 + 51. Let a = -8 + w. What is the units digit of a?
9
Suppose -7*k + k = -288. What is the tens digit of k?
4
Let a(o) = o**3 - 7*o**2 - 7*o + 2. Let q be a(8). Suppose -q*w = -5*w - 35. What is the units digit of w?
7
Let r(m) = -m**3 + 4*m**2 - 1. Let f be r(3). Suppose 4*p = 4*x - 40, f = 2*x + 4*p - 3*p. Suppose -x*g + 3*g + 36 = 0. What is the tens digit of g?
1
Let w = 47 + 73. What is the units digit of w?
0
Let m be (-4)/18 + 152/36. Suppose -m*f = -f - 126. What is the tens digit of f?
4
Suppose -14 = -5*w + w - z, 4*w + 2*z - 16 = 0. Suppose 0 = q - w*q + 3*m + 6, 20 = 4*q - 4*m. What is the units digit of q?
9
Suppose -15 = 4*u + 29. Let r = -1 - u. What is the tens digit of r?
1
Let h = 40 + -10. What is the units digit of h?
0
What is the units digit of (8 + -3)/(-5) - -2?
1
Let p(o) = -2*o + 6 + 2*o + o. Suppose j - 2 = 5*d - 17, 9 = 3*d. What is the units digit of p(j)?
6
Let u = -57 - -99. Let w = -27 + u. What is the units digit of w?
5
Let s(v) = -v**3 - 3*v**2 - 2*v - 4. What is the tens digit of s(-4)?
2
Suppose 7 = -3*z + 13. Let n = z - -16. What is the tens digit of n?
1
Let r be (6/(-8))/((-1)/4). Let k be r/6*12/3. What is the units digit of -2*(2 - 11/k)?
7
Suppose -6*x + 3*x + 2*q + 22 = 0, 0 = 4*x + 2*q - 20. Suppose -x = 2*z - 34. What is the units digit of z?
4
Suppose h = -2*d - 4*h, 48 = 4*d - 2*h. Let k = d - 3. What is the units digit of k?
7
Let x be (-1 - 1)/((-1)/2). Suppose -w + 1 = 4*a - a, x*w - 5*a = 38. What is the units digit of w?
7
Suppose 85 = 4*c + 5*j + 4, -4*j = 4*c - 76. What is the tens digit of c?
1
Let o = 7 - -13. Let r be ((-20)/(-8))/(2/o). What is the units digit of r/35 - (-4)/14?
1
Let o(g) = 3*g - 3. Let h(y) = -y - 4. Let j = 7 + -18. Let l be h(j). What is the tens digit of o(l)?
1
Suppose -3*i - i + 16 = 0. Let c be (-6)/4 + 6/i. Suppose -x + 4*l + 18 = -c*l, -3*x - 5*l + 3 = 0. What is the units digit of x?
6
Let z(o) = o**2. Let t be z(-4). Suppose 4*v = -0*v + t. Suppose 0 = v*s - 23 - 1. What is the units digit of s?
6
Let j = -2 + 3. What is the tens digit of 128/12 + j/3?
1
Let g(d) = -d - 3. Let l(w) = 5*w + 15. Let s(n) = 11*g(n) + 2*l(n). What is the units digit of s(-5)?
2
Let d be (-3)/4 + (-57)/(-12). Suppose 0 = -4*t + d*r + 88, -3*t - 2*r + 18 + 63 = 0. What is the tens digit of t?
2
Suppose s - 1 + 5 = 0. What is the units digit of (-3)/s - (-2)/8?
1
Let p(m) = m**2 - 9*m - 2. Let w be p(9). Let l(b) be the second derivative of b**4/12 - b**3/2 - b**2/2 + b. What is the units digit of l(w)?
9
Suppose -315 = -3*a - c, -2*a + 309 = a - c. What is the hundreds digit of a?
1
Let s be -21 + -1*(-4)/(-2). Let t = 12 + s. Let z = -1 - t. What is the units digit of z?
0
Suppose 2*o - 114 + 38 = 0. Let c = o - 22. What is the tens digit of c?
1
Suppose 2*j = 7 + 5. Suppose v = -j + 20. What is the units digit of v?
4
Let u(n) = -18*n + 9. What is the units digit of u(-1)?
7
Let z(m) = m**2 - m + 5. What is the units digit of z(0)?
5
What is the hundreds digit of (-12)/(-18) + (0 - (-812)/6)?
1
What is the units digit of 28/2*(-30)/(-4)?
5
Let z = 38 + -19. What is the units digit of z?
9
Let y(n) = -n**3 + 10*n**2 - 11. Let p be y(9). Let z = p + -45. What is the tens digit of z?
2
What is the units digit of 2/8 + 108/16?
7
Let v(n) = 26*n + 3. What is the units digit of v(1)?
9
Let q(f) = 16*f**3 - 6*f**2 + 3*f + 3. What is the units digit of q(2)?
3
Let y = -17 + 23. What is the units digit of y?
6
What is the units dig